der when 70 is divided by a.
13
Let c be (-56)/(-12) - 4/6. Suppose -4 = -3*n - 1, 0 = c*r - n + 13. Calculate the remainder when (-2 + 10*r)/(-2) is divided by 10.
6
Suppose -7*n = 2*n - 126. Suppose -2*o - 3*x = -24, 0 = -4*o + 4*x + n + 14. Calculate the remainder when 32 is divided by o.
5
Suppose -4 + 76 = 18*z. Suppose -i + 43 - 9 = 3*m, -2*m + z*i = -18. What is the remainder when 384 is divided by m?
10
Let t = -1004 + 1046. What is the remainder when 82 is divided by t?
40
Let q = -268 - -279. Calculate the remainder when 811 is divided by q.
8
Suppose -137*y + 1366080 = 25261. Calculate the remainder when y is divided by 204.
199
Let m = -736 - -731. Let u(g) = -97*g - 384. What is the remainder when 196 is divided by u(m)?
95
Suppose y = 3*j + 374 - 349, 5*j + 135 = 4*y. Calculate the remainder when 232 is divided by y.
32
Let u be (-4)/((-9 + 6)/6). What is the remainder when ((-6)/u)/(4/(-48)) is divided by 8?
1
Suppose 8*c - 11*c = -4*g - 929, 2*c + g = 601. Let r = c - 260. Calculate the remainder when 138 is divided by r.
9
Let c(w) = 3*w**2 - 13*w + 8. Let d = -99 - -112. Calculate the remainder when d is divided by c(4).
1
Let s(j) = -5*j - 16. Let b be s(-5). Suppose -2988 = -b*q + 2475. Calculate the remainder when q is divided by 16.
15
Suppose -1895 = -5*d + l, 2*l - 23 - 345 = -d. Let t = -312 + d. What is the remainder when t is divided by 25?
16
Suppose 0 = 5*t - 28 + 3. Suppose 165 = 4*l - t*m, -4*l - m + 81 = -78. Calculate the remainder when 64 is divided by l.
24
Let q be ((-1)/1)/((-7)/42). Suppose -16*v + q = -14*v. Suppose b = -v*b + 52. What is the remainder when 50 is divided by b?
11
Let w(h) = -h**3 + 89*h**2 - 792*h + 173. Calculate the remainder when 1154 is divided by w(79).
14
Suppose 5*r + 315 - 50 = 5*z, 4*z = -r - 38. Suppose 1 = s, d - 389 = 5*d - s. Let a = r - d. Calculate the remainder when a is divided by 5.
2
Suppose 0 = -7*v - 3*v + 1160. Let w(f) = 2*f**3 - 17*f**2 - 5*f + 3. Let g be 30/20*(7 + -1). Calculate the remainder when v is divided by w(g).
38
Let b = 24900 - 23952. What is the remainder when b is divided by 474?
0
Suppose 21*l + 12*l + 30*l = 567. What is the remainder when 59 is divided by l?
5
Let g = -167 + 420. Suppose -24*z = -g + 85. Suppose r + 2*r = 78. Calculate the remainder when r is divided by z.
5
Let z(q) = 4*q**2 + q + 11. Let b(w) = w**2 - 3*w - 509. What is the remainder when z(5) is divided by b(-22)?
34
Suppose 6922 - 847 = 9*h. Suppose -16*g + g + h = 0. Calculate the remainder when (g/12)/(-3*2/(-264)) is divided by 28.
25
Let n(s) = 17*s**2 + 180*s + 17. What is the remainder when 607 is divided by n(-11)?
43
Suppose 5*l - 8967 = -16*l. Calculate the remainder when 25 is divided by l/28 - (-9)/12.
9
Let s(n) = -179*n - 4132. Calculate the remainder when 650 is divided by s(-24).
158
Let h(r) = -2*r**2 - 137*r - 1200. What is the remainder when h(-54) is divided by 359?
7
Suppose -1390 - 11586 = -144*h + 11072. Calculate the remainder when 235 is divided by h.
68
Let n = 641 - 28. Let r = n + -406. What is the remainder when r is divided by 50?
7
Let g = 16 - 3. Let f(w) = -3*w - 12. Let u be f(-5). Let t(s) = 2*s**2 - 3*s - 4. What is the remainder when g is divided by t(u)?
3
Suppose -75*o + 8090 = 10*o + 1630. Calculate the remainder when 51981 is divided by o.
73
Let v(x) = 3*x + 4. Calculate the remainder when 210 - (2 - (5/15 + 266/(-42))) is divided by v(3).
7
Suppose -2*t = 5*t - 196. Let k(f) = -166*f**3 + 2*f**2 + 3*f + 2. Calculate the remainder when k(-1) is divided by t.
27
Let l(j) = 2*j**2 - 3*j - 1. Let o be l(-3). Suppose 3 + o = c. Let q = -1036 - -1145. Calculate the remainder when q is divided by c.
22
Suppose 34*a = 214867 - 69721. Calculate the remainder when a is divided by 10.
9
Suppose 151*h + 252 - 355 = 501. What is the remainder when 2049 is divided by h?
1
Let i = 27004 - 21622. What is the remainder when i is divided by 110?
102
Let m = 36359 - 35586. What is the remainder when m is divided by 165?
113
Suppose -309*c + 302*c = 0. Suppose 24*q - 20*q - 500 = c. What is the remainder when q is divided by 21?
20
Let d = 6349 - 6280. What is the remainder when 146 is divided by d?
8
Let c(z) be the first derivative of z**4/4 + 4*z**3/3 - 5*z**2 + 8*z - 28. Calculate the remainder when c(-5) is divided by 17.
16
Let z(u) = -11*u + 12. Let x(c) = -5*c + 5. Let f(p) = -13*x(p) + 6*z(p). Calculate the remainder when 28 is divided by f(-1).
4
Let o be 52/(-26)*(687/6)/(-1). Let w = -162 + o. Let q(n) = n**2 + 1. What is the remainder when w is divided by q(-2)?
2
What is the remainder when 230 + -2 + 70/(3 + -13) is divided by 118?
103
Let q be 57 + -34 + 0/(-2). What is the remainder when 160 is divided by (20 + q)*1*-1*-1?
31
Let n = -1037 - -1078. Suppose -9 - 1 = -5*b + 5*k, -4*b - 3*k + 36 = 0. Calculate the remainder when n is divided by 2/b + 41/3.
13
Let t = -28623 - -40976. What is the remainder when t is divided by 58?
57
Let b = 16655 + -16485. Calculate the remainder when 660 is divided by b.
150
What is the remainder when ((-1)/3)/((615/86670)/(-41)) is divided by 84?
78
Suppose -v = 5*j - 433 - 127, 3*v = -4*j + 1625. Calculate the remainder when v is divided by 255.
25
Suppose 0 = 3*q - g - 15, -4*q + 2*g - 6*g = -4. Suppose -5*z - 3*o = -1120, 285 = 3*z + q*o - 376. Calculate the remainder when z is divided by 57.
56
Let k be 22/(-2 - 0) - (3 + 1). Let q be 11 + (-8)/(40/k). Suppose 26 = c + q. What is the remainder when 95 is divided by c?
11
Suppose q + 433 = 5*o - 756, 5*q - 1195 = -5*o. Calculate the remainder when o is divided by 96.
46
Let c = 66 - 64. Let r(z) = -21 + 110 - z + c*z - z**2. What is the remainder when r(0) is divided by 7?
5
Suppose -3281 + 963 = -61*m. Calculate the remainder when 352 is divided by m.
10
Let o be 35 - ((-6)/10 - 10/25). What is the remainder when 2 + (24/o - 74/(-6)) is divided by (-4)/(-6) + 0 + (-150)/(-45)?
3
Let b = -5704 + 7072. Calculate the remainder when b is divided by 14.
10
Suppose 11*w + 133 - 1669 = -21*w. What is the remainder when 311 is divided by w?
23
Let j = -12876 + 12929. What is the remainder when 275 is divided by j?
10
Let w(u) = u**3 + 22*u - 31. Calculate the remainder when w(8) is divided by 39.
33
What is the remainder when 469 is divided by (189/36 + (-20)/16)*457/4?
12
Let u(d) = -133*d - 237. What is the remainder when u(-4) is divided by 19?
10
Let l = 45 - 24. Suppose 252 = -l*i + 27*i. What is the remainder when i is divided by 17?
8
Suppose 13*u + 125 = -83. Calculate the remainder when (3 - -1)*(-796)/u is divided by 68.
63
Suppose -138 = -5*v - 3*j, -37*v - 108 = -41*v - 3*j. Let p = -1 - -17. Calculate the remainder when v is divided by p.
14
Let r(c) = 3*c**2 + c - 2. Calculate the remainder when 119 is divided by r(3).
7
Suppose -m = -5*j - 357, 5*m - 816 = 4*j + 948. Let d = m + -283. What is the remainder when d is divided by 9/4*32/3?
21
Suppose -1537*w - 48 = -1549*w. Let a = -97 + 406. Suppose -5*s + a = w*u, -s + 153 = 4*u - 2*u. What is the remainder when u is divided by 13?
11
Suppose 84 = 37*x - 33*x - b, 5*x + 3*b = 88. Let l(z) = -z**3 - z**2 + z - 1. Let n be l(0). Calculate the remainder when 119 + 3 + n + -2 is divided by x.
19
Let q(u) = 2*u + 4. Let v be q(-5). Let r be 2460/(-84) + 2/7 - 5. Let z = v - r. Calculate the remainder when 51 is divided by z.
23
Suppose 66*r = 62*r + 3912. Suppose 3416 = 13*l - r. Calculate the remainder when l is divided by 57.
53
Suppose -5*o = -5*u - 140, 5*o + 6*u = u + 150. Let y = 36 - 14. Calculate the remainder when o is divided by y.
7
Let i be 3/(-2 + -4)*-2 - -24. Let r(h) = h**2 - 24*h. Let d(k) = 6*k**2 - 4*k - 7. Calculate the remainder when d(5) is divided by r(i).
23
Let i = -45 + 103. What is the remainder when (-2738)/(-13) + -55 + 17280/312 is divided by i?
37
Let r(o) = -o**3 - 14*o**2 - 14*o - 2. Let a = 138 - 154. Calculate the remainder when 57/152 + (-330)/a is divided by r(-13).
10
Suppose -4 - 6 = -2*i, -105 = -4*p + 3*i. Let d(r) = -122*r + 370. What is the remainder when p is divided by d(3)?
2
Let s = 923 - 357. Let r = s + -328. Calculate the remainder when r is divided by 20.
18
Calculate the remainder when 472 is divided by -103*(-4 - -3) + 6 - 7.
64
Let u = 182 - 17